the prime factors of i?
503
Let u = -392 + 1951. What are the prime factors of u?
1559
Let g(u) = u**2 + 51*u - 344. List the prime factors of g(30).
2, 7, 149
Suppose -5*w + 2*l = -130, 104 = w + 2*w + 4*l. Let c be ((-7)/21)/((-2)/318). Let z = c - w. What are the prime factors of z?
5
Let y(b) = 35*b**2 + 83*b - 3. List the prime factors of y(-6).
3, 11, 23
Suppose -1691 = -12*h + 3073. What are the prime factors of h?
397
Let j be 406 - (48/(-21) - (-4)/14). Let r = j + -267. List the prime factors of r.
3, 47
Let l(u) = 2*u**2 - u + 7. List the prime factors of l(-16).
5, 107
Suppose -629 + 169 = -4*j. Let q = j + -56. List the prime factors of q.
59
Let w(g) = 6 + 2*g - 3 - 4 + 3. Let y be w(1). Suppose 0*i - i - y*p + 21 = 0, -2*i + p + 6 = 0. What are the prime factors of i?
5
Let v be 40/(6/21*1). Let z(n) = n**3 + 5*n**2 - 10. Let c be z(-3). Suppose -v = -c*u + 3*u. List the prime factors of u.
2, 7
Let j(v) = 10*v**3 - 2*v**2 + 3*v - 2. Suppose -5*x = 5*z + 5, -13 = 3*x - 4. Suppose -5*h + 8 = -z. What are the prime factors of j(h)?
2, 19
Let h be 1/(-3) + 26/6. Suppose 2*l - 747 = -3*u - 272, 3*l + 3 = 0. Suppose 0 = -4*x - x - 3*o + u, -h*o + 72 = 2*x. What are the prime factors of x?
2, 3, 5
Suppose 6*z - 155 = z. Suppose -19 - z = -l. What are the prime factors of (2/5 - 0)*l?
2, 5
Suppose -2*n = -15*n + 40664. What are the prime factors of n?
2, 17, 23
Suppose 4*t + 2 = 3*o, 2*o - 5*o + 5*t = 2. Suppose -3*m + 59 = o*i - 2*i, 2*m - 2 = 0. List the prime factors of i.
2, 7
Let f = -629 + 1709. List the prime factors of f.
2, 3, 5
Suppose 4*l - 3 - 5 = 0. Suppose 5*f + a = -298, l*f - 3*a = -0*f - 126. What are the prime factors of 3/(18/(-4))*f?
2, 5
Let t(i) = -3*i + 0 - 7 - 9. Let m be t(-7). Suppose -119 = -m*s - 4*c - 0*c, -49 = -2*s - 3*c. What are the prime factors of s?
23
Let d(x) = -x**3 + 11*x**2 + 7*x - 17. Let g be d(11). Let u = g - -235. List the prime factors of u.
5, 59
Let z(d) = d**3 + d**2 + d - 1. Let c = -11 - -12. Let m be z(c). Suppose -q = -0*q - m. What are the prime factors of q?
2
Let z(w) = w**2 + 9*w + 1. Let h = -23 + 14. Let v be z(h). Let c(p) = 4*p**3 - p**2 + p - 1. What are the prime factors of c(v)?
3
Let i be (-35)/25 + (-8)/(-20). List the prime factors of (7 + -142 - i)/(0 + -1).
2, 67
Let w(a) = 24*a**2 - 11*a - 9. Let u be w(6). Let j = u + -477. What are the prime factors of j?
2, 3, 13
Suppose -p + 3604 = -4*v, -v - 2844 = 5*p - 20885. What are the prime factors of p?
2, 11, 41
Let s(y) be the first derivative of -25*y**4/2 + y**3/3 - y**2 - 2*y + 12. What are the prime factors of s(-1)?
3, 17
Suppose -452 = j - 631. What are the prime factors of j?
179
Let h(i) = 342*i + 62. What are the prime factors of h(3)?
2, 17
Let q(y) = y + 3. Let s be q(-5). List the prime factors of ((-20)/(-5))/s*-22.
2, 11
Let i = 870 + -174. What are the prime factors of i?
2, 3, 29
Let y(a) be the first derivative of 3 - 7/3*a**3 - 1/4*a**4 - 7/2*a**2 + 5*a. List the prime factors of y(-7).
2, 3
Let i = -62 + 67. Suppose -4*w = -i*t - 648, 0*t = w + 4*t - 183. List the prime factors of w.
167
Suppose -5879 = -4*d + 3777. What are the prime factors of d?
2, 17, 71
Let g = 41 - 50. Let o(q) = q**3 + 7*q**2 - 19*q + 11. What are the prime factors of o(g)?
2, 5
Let w(g) = 11*g**3 + 8*g**2 - 29*g - 10. What are the prime factors of w(5)?
2, 5, 71
Let s = -6 + 3. Let t(v) = 3*v**2 - 3*v + 2. Let a be t(s). Let h = a - 15. What are the prime factors of h?
23
Let h(s) = 101*s - 2. Let u be h(-1). Let v = u + 176. What are the prime factors of v?
73
Suppose -4*p - 5 = -13. Let n = 52 + -22. Suppose r + n = p*r. What are the prime factors of r?
2, 3, 5
What are the prime factors of -1*(-20)/(-8)*-174?
3, 5, 29
Let a(r) be the third derivative of r**4/24 + 5*r**3/3 - 5*r**2. Let q be a(-5). Suppose 2*j - 57 = -5*g, j = -3*j - q*g + 109. What are the prime factors of j?
2, 13
Suppose 10 = 4*j + 2. Let o(y) = 20*y**3 - y**2 - 4*y + 4. List the prime factors of o(j).
2, 19
Suppose 4 = 6*y - 14. Suppose -y*c = n + n - 91, 3*n - c - 131 = 0. Let q = 78 - n. List the prime factors of q.
2, 17
Let n(u) be the third derivative of u**6/120 - u**5/12 - 4*u**3/3 + u**2. Suppose -4*m + 44 = -4*c, 0*m + 2 = 2*m + 2*c. List the prime factors of n(m).
2, 7
Suppose 0 = -2*v - 4*i + 3474, 5*v - 2*i + 3*i - 8730 = 0. Suppose 6687 - v = 19*d. List the prime factors of d.
2, 5, 13
Suppose -6 = 2*z - 5*z. Suppose -z*f - f + 80 = -2*b, 5*b = f - 44. Suppose -2*j + 8 = 0, -p = p - 4*j - f. What are the prime factors of p?
2, 5
Let p = -610 - -3242. What are the prime factors of p?
2, 7, 47
Suppose -400*n = -394*n - 13362. What are the prime factors of n?
17, 131
Suppose 5*q - 4621 + 1825 = -4*m, -2*q = 0. Suppose 12*j - m = 21. List the prime factors of j.
2, 3, 5
Suppose 3*p - 8 = -2*y + p, -y + 3*p + 24 = 0. Let k(v) = 2*v**2 + 2*v - 13. List the prime factors of k(y).
167
Let q be (-24)/16*(2 - 0). Let u be (q - -4)/((-4)/4). List the prime factors of 4*u*(-3 - 3).
2, 3
Let n = 475 - 130. List the prime factors of n.
3, 5, 23
Let b(y) = -83*y - 3. Let u(o) = o**3 - 4*o**2 - 10*o - 13. Let f be u(6). What are the prime factors of b(f)?
2, 5
Suppose -4*m + 5*m + 104 = 0. Let v = m - -183. What are the prime factors of v?
79
Let f = 340 - 51. What are the prime factors of f?
17
Suppose 0*c = -4*c. Let o(n) = n**3 + 2*n**2 + 2*n + 13. List the prime factors of o(c).
13
List the prime factors of (-24)/96 + 2577/4.
2, 7, 23
Let d(u) be the second derivative of -u**3 - 53*u**2/2 - 10*u. List the prime factors of d(-11).
13
Let p(a) = 2*a + 2. Let x be p(7). Suppose 18*f - 42 = x*f. What are the prime factors of f?
3, 7
Suppose -3*i - 6*i = -2214. List the prime factors of i.
2, 3, 41
Let f = -150 - -149. What are the prime factors of (8 + 3 + f)*11?
2, 5, 11
Let j = -416 - -626. List the prime factors of (0 + (-2)/(-5))*j.
2, 3, 7
Suppose 3*p - 30 = -2*p. Suppose -87 = -p*d + 3*d. Suppose -5*r + d = -21. What are the prime factors of r?
2, 5
Suppose 2*l + 21 = 57. Suppose l*w = 23*w + 325. List the prime factors of (-4)/(-10) + (-2704)/w.
2, 3, 7
Let l(x) = -29*x + 2. Let q(b) be the third derivative of -b**6/120 - 7*b**5/60 + b**4/4 - 3*b**3 - 7*b**2. Let d be q(-8). What are the prime factors of l(d)?
2, 3, 5
Let z = -33 - -35. Suppose 5*g - 6 = 2*u + 10, 5*g + 4*u + 2 = 0. Suppose 0 = -g*a + 4*n + 30, -5*a + 3*n = -z*n - 85. What are the prime factors of a?
19
Let b be 0/(-6)*(-1)/4. Suppose -d - 4*d + 465 = b. What are the prime factors of d?
3, 31
Suppose 1947 = -10*g + 6367. List the prime factors of g.
2, 13, 17
Let o be 2/(-6) - 1260/27. Let w = -11 - o. List the prime factors of w.
2, 3
Suppose -5*h - 5*j + 5535 = -0*j, 2*j + 4452 = 4*h. List the prime factors of h.
11, 101
Suppose 4*r = -79 + 19. Let o be (-2)/10 + (-3003)/r. Suppose -5*k - v = 2*v - 240, -5*k + 5*v + o = 0. What are the prime factors of k?
3, 5
Suppose -830*s = -817*s - 44824. What are the prime factors of s?
2, 431
What are the prime factors of -2 + 4/(-22) + (-17612)/(-308)?
5, 11
Suppose -2*b = -3*c + 42, 0 = -4*c + 5*c + 4*b. Let u = c - -23. List the prime factors of u.
5, 7
Let j be 4/(-10) + (-10)/(-25). Suppose j = -10*m + 2739 + 241. List the prime factors of m.
2, 149
List the prime factors of (-12840)/(-150) + ((-12)/(-10))/3.
2, 43
Let g = -8 - -42. Let l = 28 + -11. Let k = g - l. What are the prime factors of k?
17
Let s = 13 + 113. Let t = 271 - s. What are the prime factors of t?
5, 29
Let p = 1279 - 906. List the prime factors of p.
373
Suppose 9*c - 4*c + 45 = 0. Let j be -21*6/c + 2. List the prime factors of j/1 - (-1 - 1).
2, 3
Suppose -4*w = -2*r + 3456, 3*r - r = 3*w + 3455. List the prime factors of r.
2, 863
Suppose 2*w = 4*w + 2*n - 10, -2*w + 3*n = -20. Suppose w*y - 312 = 486. List the prime factors of y.
2, 3, 19
Suppose 2*v - 3*y = 49, 3*y = -4*v + 72 + 53. Let b = v - 5. Suppose d = -3*h + 26, 4*d - 3*d = -h + b. List the prime factors of d.
23
Suppose -7*d = 66 - 710. Let i = -42 + 116. Suppose -x + 4*x + i = 4*l, -4*x = -5*l + d. List the prime factors of l.
2, 5
Let x(a) = -4*a + 35. Let m be x(8). Suppose -37 - 29 = -n - 4*b, m*n = 2*b + 240. What are the prime factors of n?
2, 3, 13
Let g(l) = 5*l**2 - 37*l - 9. List the pri